{"id":4839,"date":"2025-01-03T17:10:57","date_gmt":"2025-01-03T20:10:57","guid":{"rendered":"https:\/\/caqc.org.ar\/congreso\/?page_id=4839"},"modified":"2025-12-18T17:12:31","modified_gmt":"2025-12-18T20:12:31","slug":"resoluciones","status":"publish","type":"page","link":"https:\/\/caqc.org.ar\/congreso\/resoluciones\/","title":{"rendered":"Resoluciones"},"content":{"rendered":"<style>.elementor-widget-section [data-tippy-root] > .tippy-box{color:var( --e-global-color-primary );background-color:var( --e-global-color-primary );}.elementor-widget-section [data-tippy-root] > .tippy-box .tippy-arrow{color:var( --e-global-color-primary );}.elementor-4839 .elementor-element.elementor-element-a7c1ee2 > .elementor-container{max-width:1150px;}.elementor-4839 .elementor-element.elementor-element-a7c1ee2:not(.elementor-motion-effects-element-type-background), .elementor-4839 .elementor-element.elementor-element-a7c1ee2 > .elementor-motion-effects-container > .elementor-motion-effects-layer{background-image:url(\"https:\/\/caqc.org.ar\/congreso\/wp-content\/uploads\/2025\/06\/1.jpg\");background-position:center center;background-repeat:no-repeat;background-size:cover;}.elementor-4839 .elementor-element.elementor-element-a7c1ee2 > .elementor-background-overlay{background-color:#27355A;opacity:0.89;transition:background 0.3s, border-radius 0.3s, opacity 0.3s;}.elementor-4839 .elementor-element.elementor-element-a7c1ee2{transition:background 0.3s, border 0.3s, border-radius 0.3s, box-shadow 0.3s;margin-top:0px;margin-bottom:0px;padding:50px 0px 50px 0px;}.elementor-widget-column [data-tippy-root] > .tippy-box{color:var( --e-global-color-primary );background-color:var( --e-global-color-primary );}.elementor-widget-column [data-tippy-root] > .tippy-box .tippy-arrow{color:var( --e-global-color-primary );}.elementor-widget-image .widget-image-caption{color:var( --e-global-color-text );}.elementor-widget-image [data-tippy-root] > .tippy-box{color:var( --e-global-color-primary );background-color:var( --e-global-color-primary );}.elementor-widget-image [data-tippy-root] > .tippy-box .tippy-arrow{color:var( --e-global-color-primary );}.elementor-widget-image .wpcf7 input:not([type=\"submit\"]){background-color:var( --e-global-color-primary );}.elementor-widget-image .wpcf7 select{background-color:var( --e-global-color-primary );}.elementor-widget-image .wpcf7 textarea{background-color:var( --e-global-color-primary );}.elementor-widget-image .wpcf7 label{color:var( --e-global-color-primary );}.elementor-widget-image ::placeholder{color:var( --e-global-color-primary );}.elementor-widget-image .wpcf7-submit{color:var( --e-global-color-primary );background-color:var( --e-global-color-primary );}.elementor-widget-image .wpcf7 input[type=\"submit\"]:hover{color:var( --e-global-color-primary );background-color:var( --e-global-color-primary );}.elementor-4839 .elementor-element.elementor-element-4241b45 img{width:56%;}.elementor-widget-heading .elementor-heading-title{color:var( --e-global-color-primary );}.elementor-widget-heading [data-tippy-root] > .tippy-box{color:var( --e-global-color-primary );background-color:var( --e-global-color-primary );}.elementor-widget-heading [data-tippy-root] > .tippy-box .tippy-arrow{color:var( --e-global-color-primary );}.elementor-widget-heading .wpcf7 input:not([type=\"submit\"]){background-color:var( --e-global-color-primary );}.elementor-widget-heading .wpcf7 select{background-color:var( --e-global-color-primary );}.elementor-widget-heading .wpcf7 textarea{background-color:var( --e-global-color-primary );}.elementor-widget-heading .wpcf7 label{color:var( --e-global-color-primary );}.elementor-widget-heading ::placeholder{color:var( --e-global-color-primary );}.elementor-widget-heading .wpcf7-submit{color:var( --e-global-color-primary );background-color:var( --e-global-color-primary );}.elementor-widget-heading .wpcf7 input[type=\"submit\"]:hover{color:var( --e-global-color-primary );background-color:var( --e-global-color-primary );}.elementor-4839 .elementor-element.elementor-element-f36272f{text-align:center;}.elementor-4839 .elementor-element.elementor-element-f36272f .elementor-heading-title{font-family:\"Staatliches\", Sans-serif;font-size:33px;font-weight:500;letter-spacing:1px;color:#FFFFFF;}.elementor-4839 .elementor-element.elementor-element-f36272f > .elementor-widget-container{margin:9px 0px 0px 0px;}.elementor-widget-text-editor{color:var( --e-global-color-text );}.elementor-widget-text-editor.elementor-drop-cap-view-stacked .elementor-drop-cap{background-color:var( --e-global-color-primary );}.elementor-widget-text-editor.elementor-drop-cap-view-framed .elementor-drop-cap, .elementor-widget-text-editor.elementor-drop-cap-view-default .elementor-drop-cap{color:var( --e-global-color-primary );border-color:var( --e-global-color-primary );}.elementor-widget-text-editor [data-tippy-root] > .tippy-box{color:var( --e-global-color-primary );background-color:var( --e-global-color-primary );}.elementor-widget-text-editor [data-tippy-root] > .tippy-box .tippy-arrow{color:var( --e-global-color-primary );}.elementor-widget-text-editor .wpcf7 input:not([type=\"submit\"]){background-color:var( --e-global-color-primary );}.elementor-widget-text-editor .wpcf7 select{background-color:var( --e-global-color-primary );}.elementor-widget-text-editor .wpcf7 textarea{background-color:var( --e-global-color-primary );}.elementor-widget-text-editor .wpcf7 label{color:var( --e-global-color-primary );}.elementor-widget-text-editor ::placeholder{color:var( --e-global-color-primary );}.elementor-widget-text-editor .wpcf7-submit{color:var( --e-global-color-primary );background-color:var( --e-global-color-primary );}.elementor-widget-text-editor .wpcf7 input[type=\"submit\"]:hover{color:var( --e-global-color-primary );background-color:var( --e-global-color-primary );}.elementor-4839 .elementor-element.elementor-element-0c7a3f7{text-align:center;font-size:26px;color:#C7C7C7;}.elementor-widget-elementskit-button [data-tippy-root] > .tippy-box{color:var( --e-global-color-primary );background-color:var( --e-global-color-primary );}.elementor-widget-elementskit-button [data-tippy-root] > .tippy-box .tippy-arrow{color:var( --e-global-color-primary );}.elementor-widget-elementskit-button .wpcf7 input:not([type=\"submit\"]){background-color:var( --e-global-color-primary );}.elementor-widget-elementskit-button .wpcf7 select{background-color:var( --e-global-color-primary );}.elementor-widget-elementskit-button .wpcf7 textarea{background-color:var( --e-global-color-primary );}.elementor-widget-elementskit-button .wpcf7 label{color:var( --e-global-color-primary );}.elementor-widget-elementskit-button ::placeholder{color:var( --e-global-color-primary );}.elementor-widget-elementskit-button .wpcf7-submit{color:var( --e-global-color-primary );background-color:var( --e-global-color-primary );}.elementor-widget-elementskit-button .wpcf7 input[type=\"submit\"]:hover{color:var( --e-global-color-primary );background-color:var( --e-global-color-primary );}.elementor-4839 .elementor-element.elementor-element-ab9e70a .ekit-btn-wraper .elementskit-btn{justify-content:center;}.elementor-4839 .elementor-element.elementor-element-ab9e70a .elementskit-btn{width:100%;padding:20px 40px 20px 40px;font-family:\"Staatliches\", Sans-serif;font-size:16px;font-weight:600;text-transform:uppercase;letter-spacing:1px;color:var( --e-global-color-text );fill:var( --e-global-color-text );background-color:#FFFFFF;border-style:none;border-radius:5px 5px 5px 5px;}.elementor-4839 .elementor-element.elementor-element-ab9e70a .elementskit-btn:hover{color:#FFFFFF;fill:#FFFFFF;background-color:var( --e-global-color-text );}.elementor-4839 .elementor-element.elementor-element-ab9e70a .elementskit-btn > :is(i, svg){font-size:15px;}.elementor-4839 .elementor-element.elementor-element-ab9e70a .elementskit-btn > i, .elementor-4839 .elementor-element.elementor-element-ab9e70a .elementskit-btn > svg{margin-right:5px;}.rtl .elementor-4839 .elementor-element.elementor-element-ab9e70a .elementskit-btn > i, .rtl .elementor-4839 .elementor-element.elementor-element-ab9e70a .elementskit-btn > svg{margin-left:5px;margin-right:0;}.elementor-4839 .elementor-element.elementor-element-ab9e70a > .elementor-widget-container{margin:0em 0em 0em 0em;}.elementor-4839 .elementor-element.elementor-element-644de008:not(.elementor-motion-effects-element-type-background), .elementor-4839 .elementor-element.elementor-element-644de008 > .elementor-motion-effects-container > .elementor-motion-effects-layer{background-color:#f7f9fb;}.elementor-4839 .elementor-element.elementor-element-644de008{transition:background 0.3s, border 0.3s, border-radius 0.3s, box-shadow 0.3s;padding:100px 0px 100px 0px;}.elementor-4839 .elementor-element.elementor-element-644de008 > .elementor-background-overlay{transition:background 0.3s, border-radius 0.3s, opacity 0.3s;}.elementor-4839 .elementor-element.elementor-element-7cf801df > .elementor-element-populated{margin:0px 0px 0px 0px;--e-column-margin-right:0px;--e-column-margin-left:0px;padding:0px 0px 0px 0px;}.elementor-widget-eael-post-grid [data-tippy-root] > .tippy-box{color:var( --e-global-color-primary );background-color:var( --e-global-color-primary );}.elementor-widget-eael-post-grid [data-tippy-root] > .tippy-box .tippy-arrow{color:var( --e-global-color-primary );}.elementor-widget-eael-post-grid .wpcf7 input:not([type=\"submit\"]){background-color:var( --e-global-color-primary );}.elementor-widget-eael-post-grid .wpcf7 select{background-color:var( --e-global-color-primary );}.elementor-widget-eael-post-grid .wpcf7 textarea{background-color:var( --e-global-color-primary );}.elementor-widget-eael-post-grid .wpcf7 label{color:var( --e-global-color-primary );}.elementor-widget-eael-post-grid ::placeholder{color:var( --e-global-color-primary );}.elementor-widget-eael-post-grid .wpcf7-submit{color:var( --e-global-color-primary );background-color:var( --e-global-color-primary );}.elementor-widget-eael-post-grid .wpcf7 input[type=\"submit\"]:hover{color:var( --e-global-color-primary );background-color:var( --e-global-color-primary );}.elementor-4839 .elementor-element.elementor-element-f3b200e .eael-grid-post-holder{background-color:#FFFFFF00;}.elementor-4839 .elementor-element.elementor-element-f3b200e .eael-entry-title a{color:#3F548B;}.elementor-4839 .elementor-element.elementor-element-f3b200e .eael-entry-title:hover, .elementor-4839 .elementor-element.elementor-element-f3b200e .eael-entry-title a:hover{color:#8A9DCF;}.elementor-4839 .elementor-element.elementor-element-f3b200e .eael-entry-title{text-align:left;}.elementor-4839 .elementor-element.elementor-element-f3b200e .eael-entry-title, .elementor-4839 .elementor-element.elementor-element-f3b200e .eael-entry-title a{font-family:\"Staatliches\", Sans-serif;}.elementor-4839 .elementor-element.elementor-element-f3b200e .eael-grid-post .eael-entry-overlay{background-color:rgba(0,0,0, .75);}.elementor-4839 .elementor-element.elementor-element-f3b200e .eael-grid-post .eael-entry-overlay > i{color:#ffffff;font-size:18px;}.elementor-4839 .elementor-element.elementor-element-f3b200e .eael-grid-post .eael-entry-overlay > img{height:18px;width:18px;}@media(max-width:1024px) and (min-width:768px){.elementor-4839 .elementor-element.elementor-element-cf1fe65{width:100%;}}@media(max-width:1024px){.elementor-4839 .elementor-element.elementor-element-a7c1ee2:not(.elementor-motion-effects-element-type-background), .elementor-4839 .elementor-element.elementor-element-a7c1ee2 > .elementor-motion-effects-container > .elementor-motion-effects-layer{background-position:center center;}.elementor-4839 .elementor-element.elementor-element-cf1fe65 > .elementor-element-populated{margin:0px 10px 0px 10px;--e-column-margin-right:10px;--e-column-margin-left:10px;}.elementor-4839 .elementor-element.elementor-element-f36272f .elementor-heading-title{font-size:60px;}.elementor-4839 .elementor-element.elementor-element-ab9e70a .elementskit-btn{font-size:15px;}}@media(max-width:767px){.elementor-4839 .elementor-element.elementor-element-a7c1ee2{padding:100px 0px 100px 0px;}.elementor-4839 .elementor-element.elementor-element-cf1fe65 > .elementor-element-populated{margin:0px 5px 0px 5px;--e-column-margin-right:5px;--e-column-margin-left:5px;}.elementor-4839 .elementor-element.elementor-element-4241b45 > .elementor-widget-container{margin:20px 20px 20px 20px;}.elementor-4839 .elementor-element.elementor-element-f36272f .elementor-heading-title{font-size:27px;}.elementor-4839 .elementor-element.elementor-element-ab9e70a .elementskit-btn{width:100%;font-size:14px;}}<\/style>\t\t<div data-elementor-type=\"wp-page\" data-elementor-id=\"4839\" class=\"elementor elementor-4839\">\n\t\t\t\t\t\t<section class=\"elementor-section elementor-top-section elementor-element elementor-element-a7c1ee2 elementor-section-boxed elementor-section-height-default elementor-section-height-default\" data-id=\"a7c1ee2\" data-element_type=\"section\" data-e-type=\"section\" data-settings=\"{&quot;background_background&quot;:&quot;classic&quot;}\">\n\t\t\t\t\t\t\t<div class=\"elementor-background-overlay\"><\/div>\n\t\t\t\t\t\t\t<div class=\"elementor-container elementor-column-gap-default\">\n\t\t\t\t\t<div class=\"elementor-column elementor-col-100 elementor-top-column elementor-element elementor-element-cf1fe65\" data-id=\"cf1fe65\" data-element_type=\"column\" data-e-type=\"column\">\n\t\t\t<div class=\"elementor-widget-wrap elementor-element-populated\">\n\t\t\t\t\t\t<div class=\"elementor-element elementor-element-4241b45 elementor-widget elementor-widget-image\" data-id=\"4241b45\" data-element_type=\"widget\" data-e-type=\"widget\" data-widget_type=\"image.default\">\n\t\t\t\t<div class=\"elementor-widget-container\">\n\t\t\t\t\t\t\t\t\t\t\t\t\t\t\t<img fetchpriority=\"high\" decoding=\"async\" width=\"800\" height=\"228\" src=\"https:\/\/caqc.org.ar\/congreso\/wp-content\/uploads\/2025\/10\/cropped-cropped-Logo-Congreso-2027-1024x292.png\" class=\"attachment-large size-large wp-image-7352\" alt=\"\" srcset=\"https:\/\/caqc.org.ar\/congreso\/wp-content\/uploads\/2025\/10\/cropped-cropped-Logo-Congreso-2027-1024x292.png 1024w, https:\/\/caqc.org.ar\/congreso\/wp-content\/uploads\/2025\/10\/cropped-cropped-Logo-Congreso-2027-300x86.png 300w, https:\/\/caqc.org.ar\/congreso\/wp-content\/uploads\/2025\/10\/cropped-cropped-Logo-Congreso-2027-768x219.png 768w, https:\/\/caqc.org.ar\/congreso\/wp-content\/uploads\/2025\/10\/cropped-cropped-Logo-Congreso-2027-1536x439.png 1536w, https:\/\/caqc.org.ar\/congreso\/wp-content\/uploads\/2025\/10\/cropped-cropped-Logo-Congreso-2027-600x171.png 600w, https:\/\/caqc.org.ar\/congreso\/wp-content\/uploads\/2025\/10\/cropped-cropped-Logo-Congreso-2027.png 1772w\" sizes=\"(max-width: 800px) 100vw, 800px\" \/>\t\t\t\t\t\t\t\t\t\t\t\t\t\t\t<\/div>\n\t\t\t\t<\/div>\n\t\t\t\t<div class=\"elementor-element elementor-element-f36272f elementor-widget elementor-widget-heading\" data-id=\"f36272f\" data-element_type=\"widget\" data-e-type=\"widget\" data-widget_type=\"heading.default\">\n\t\t\t\t<div class=\"elementor-widget-container\">\n\t\t\t\t\t<h2 class=\"elementor-heading-title elementor-size-default\">III\u00b0 congreso nacional de Alimentos, Salud y AMBIENTE <br>  II\u00b0 congreso internacional <\/h2>\t\t\t\t<\/div>\n\t\t\t\t<\/div>\n\t\t\t\t<div class=\"elementor-element elementor-element-0c7a3f7 elementor-widget elementor-widget-text-editor\" data-id=\"0c7a3f7\" data-element_type=\"widget\" data-e-type=\"widget\" data-widget_type=\"text-editor.default\">\n\t\t\t\t<div class=\"elementor-widget-container\">\n\t\t\t\t\t\t\t\t\t<p>\ud83c\udde6\ud83c\uddf7 \u00b7 \ud83c\uddf5\ud83c\uddfe \u00b7 \ud83c\uddfa\ud83c\uddfe \u00b7 \ud83c\udde7\ud83c\uddf4 \u00b7 \ud83c\uddf5\ud83c\udde6 \u00b7 \ud83c\udde8\ud83c\uddf1 \u00b7 \ud83c\udde8\ud83c\uddf7 \u00b7 \ud83c\uddf5\ud83c\uddea \u00b7 \ud83c\udde8\ud83c\uddf4 \u00b7 \ud83c\uddf2\ud83c\uddfd \u00b7 \ud83c\uddea\ud83c\uddf8<\/p>\t\t\t\t\t\t\t\t<\/div>\n\t\t\t\t<\/div>\n\t\t\t\t<div class=\"elementor-element elementor-element-ab9e70a elementor-hidden-desktop elementor-hidden-tablet elementor-hidden-mobile elementor-align-center elementor-widget elementor-widget-elementskit-button\" data-id=\"ab9e70a\" data-element_type=\"widget\" data-e-type=\"widget\" data-widget_type=\"elementskit-button.default\">\n\t\t\t\t<div class=\"elementor-widget-container\">\n\t\t\t\t\t<div class=\"ekit-wid-con\" >\t\t<div class=\"ekit-btn-wraper\">\n\t\t\t\t\t\t\t<a href=\"https:\/\/caqc.org.ar\/congreso\/area-inscripcion\/\" target=\"_blank\" class=\"elementskit-btn  whitespace--normal\" id=\"\">\n\t\t\t\t\tINSCRIBIRSE AL CONGRESO\t\t\t\t<\/a>\n\t\t\t\t\t<\/div>\n        <\/div>\t\t\t\t<\/div>\n\t\t\t\t<\/div>\n\t\t\t\t\t<\/div>\n\t\t<\/div>\n\t\t\t\t\t<\/div>\n\t\t<\/section>\n\t\t\t\t<section class=\"elementor-section elementor-top-section elementor-element elementor-element-644de008 elementor-section-boxed elementor-section-height-default elementor-section-height-default\" data-id=\"644de008\" data-element_type=\"section\" data-e-type=\"section\" id=\"xs_blog_light_post_img_3\" data-settings=\"{&quot;background_background&quot;:&quot;classic&quot;}\">\n\t\t\t\t\t\t<div class=\"elementor-container elementor-column-gap-default\">\n\t\t\t\t\t<div class=\"elementor-column elementor-col-100 elementor-top-column elementor-element elementor-element-57172716\" data-id=\"57172716\" data-element_type=\"column\" data-e-type=\"column\">\n\t\t\t<div class=\"elementor-widget-wrap elementor-element-populated\">\n\t\t\t\t\t\t<section class=\"elementor-section elementor-inner-section elementor-element elementor-element-28a9759f elementor-section-boxed elementor-section-height-default elementor-section-height-default\" data-id=\"28a9759f\" data-element_type=\"section\" data-e-type=\"section\">\n\t\t\t\t\t\t<div class=\"elementor-container elementor-column-gap-default\">\n\t\t\t\t\t<div class=\"elementor-column elementor-col-100 elementor-inner-column elementor-element elementor-element-7cf801df\" data-id=\"7cf801df\" data-element_type=\"column\" data-e-type=\"column\">\n\t\t\t<div class=\"elementor-widget-wrap elementor-element-populated\">\n\t\t\t\t\t\t<div class=\"elementor-element elementor-element-f3b200e elementor-grid-eael-col-3 elementor-grid-tablet-eael-col-2 elementor-grid-mobile-eael-col-1 elementor-widget elementor-widget-eael-post-grid\" data-id=\"f3b200e\" data-element_type=\"widget\" data-e-type=\"widget\" data-settings=\"{&quot;eael_post_grid_columns&quot;:&quot;eael-col-3&quot;,&quot;eael_post_grid_columns_tablet&quot;:&quot;eael-col-2&quot;,&quot;eael_post_grid_columns_mobile&quot;:&quot;eael-col-1&quot;}\" data-widget_type=\"eael-post-grid.default\">\n\t\t\t\t<div class=\"elementor-widget-container\">\n\t\t\t\t\t<div id=\"eael-post-grid-f3b200e\" class=\"eael-post-grid-container\">\n            <div class=\"eael-post-grid eael-post-appender eael-post-appender-f3b200e eael-post-grid-style-three\" data-layout-mode=\"masonry\"><article class=\"eael-grid-post  eael-post-grid-column eael-pg-post-7410 category-conasa-2027-resoluciones tags-conasa-2027\" data-id=\"7410\">\n        <div class=\"eael-grid-post-holder\">\n            <div class=\"eael-grid-post-holder-inner\"><div class=\"eael-entry-wrapper\"><header class=\"eael-entry-header\"><h2 class=\"eael-entry-title\"><a class=\"eael-grid-post-link\" href=\"https:\/\/caqc.org.ar\/congreso\/resolucion-129-2025-anexo-ii-requisitos-para-la-presentacion-de-trabajos-cientificos-y-posters-academicos\/\" title=\"Resoluci\u00f3n 129\/2025 Anexo II &#8211; Requisitos para la presentaci\u00f3n de trabajos cient\u00edficos y posters acad\u00e9micos\">Resoluci\u00f3n 129\/2025 Anexo II &#8211; Requisitos para la presentaci\u00f3n de trabajos cient\u00edficos y posters acad\u00e9micos<\/a><\/h2><\/header><\/div><\/div>\n        <\/div>\n    <\/article><article class=\"eael-grid-post  eael-post-grid-column eael-pg-post-7405 category-conasa-2027-resoluciones tags-conasa-2027\" data-id=\"7405\">\n        <div class=\"eael-grid-post-holder\">\n            <div class=\"eael-grid-post-holder-inner\"><div class=\"eael-entry-wrapper\"><header class=\"eael-entry-header\"><h2 class=\"eael-entry-title\"><a class=\"eael-grid-post-link\" href=\"https:\/\/caqc.org.ar\/congreso\/resolucion-129-2025-anexo-i-reglamento-general-de-congresos-y-eventos\/\" title=\"Resoluci\u00f3n 129\/2025 Anexo I &#8211; Reglamento general de congresos y eventos\">Resoluci\u00f3n 129\/2025 Anexo I &#8211; Reglamento general de congresos y eventos<\/a><\/h2><\/header><\/div><\/div>\n        <\/div>\n    <\/article><article class=\"eael-grid-post  eael-post-grid-column eael-pg-post-7400 category-conasa-2027-resoluciones tags-conasa-2027\" data-id=\"7400\">\n        <div class=\"eael-grid-post-holder\">\n            <div class=\"eael-grid-post-holder-inner\"><div class=\"eael-entry-wrapper\"><header class=\"eael-entry-header\"><h2 class=\"eael-entry-title\"><a class=\"eael-grid-post-link\" href=\"https:\/\/caqc.org.ar\/congreso\/resolucion-129-2025-organizacion-conasa-2027\/\" title=\"Resoluci\u00f3n 129\/2025 &#8211; Organizaci\u00f3n CoNASA 2027\">Resoluci\u00f3n 129\/2025 &#8211; Organizaci\u00f3n CoNASA 2027<\/a><\/h2><\/header><\/div><\/div>\n        <\/div>\n    <\/article><article class=\"eael-grid-post  eael-post-grid-column eael-pg-post-7381 category-conasa-2027-resoluciones tags-conasa-2027\" data-id=\"7381\">\n        <div class=\"eael-grid-post-holder\">\n            <div class=\"eael-grid-post-holder-inner\"><div class=\"eael-entry-wrapper\"><header class=\"eael-entry-header\"><h2 class=\"eael-entry-title\"><a class=\"eael-grid-post-link\" href=\"https:\/\/caqc.org.ar\/congreso\/resolucion-129-2025-aprobacion-conasa-2027\/\" title=\"Resoluci\u00f3n 127\/2025 &#8211; Aprobaci\u00f3n CoNASA 2027\">Resoluci\u00f3n 127\/2025 &#8211; Aprobaci\u00f3n CoNASA 2027<\/a><\/h2><\/header><\/div><\/div>\n        <\/div>\n    <\/article><\/div>\n            <div class=\"clearfix\"><\/div>\n        <\/div>\t\t\t\t<\/div>\n\t\t\t\t<\/div>\n\t\t\t\t\t<\/div>\n\t\t<\/div>\n\t\t\t\t\t<\/div>\n\t\t<\/section>\n\t\t\t\t\t<\/div>\n\t\t<\/div>\n\t\t\t\t\t<\/div>\n\t\t<\/section>\n\t\t\t\t<\/div>\n\t\t","protected":false},"excerpt":{"rendered":"<p>III\u00b0 congreso nacional de Alimentos, Salud y AMBIENTE II\u00b0 congreso internacional &#x1f1e6;&#x1f1f7; \u00b7 &#x1f1f5;&#x1f1fe; \u00b7 &#x1f1fa;&#x1f1fe; \u00b7 &#x1f1e7;&#x1f1f4; \u00b7 &#x1f1f5;&#x1f1e6; \u00b7 &#x1f1e8;&#x1f1f1; \u00b7 &#x1f1e8;&#x1f1f7; \u00b7 &#x1f1f5;&#x1f1ea; \u00b7 &#x1f1e8;&#x1f1f4; \u00b7 &#x1f1f2;&#x1f1fd; \u00b7 &#x1f1ea;&#x1f1f8; INSCRIBIRSE AL CONGRESO Resoluci\u00f3n 129\/2025 Anexo II &#8211; Requisitos para la presentaci\u00f3n de trabajos cient\u00edficos y posters acad\u00e9micos Resoluci\u00f3n 129\/2025 Anexo I &#8211; [&hellip;]<\/p>\n","protected":false},"author":3,"featured_media":0,"parent":0,"menu_order":0,"comment_status":"closed","ping_status":"closed","template":"","meta":{"_joinchat":[],"footnotes":""},"class_list":["post-4839","page","type-page","status-publish","hentry"],"_links":{"self":[{"href":"https:\/\/caqc.org.ar\/congreso\/wp-json\/wp\/v2\/pages\/4839","targetHints":{"allow":["GET"]}}],"collection":[{"href":"https:\/\/caqc.org.ar\/congreso\/wp-json\/wp\/v2\/pages"}],"about":[{"href":"https:\/\/caqc.org.ar\/congreso\/wp-json\/wp\/v2\/types\/page"}],"author":[{"embeddable":true,"href":"https:\/\/caqc.org.ar\/congreso\/wp-json\/wp\/v2\/users\/3"}],"replies":[{"embeddable":true,"href":"https:\/\/caqc.org.ar\/congreso\/wp-json\/wp\/v2\/comments?post=4839"}],"version-history":[{"count":37,"href":"https:\/\/caqc.org.ar\/congreso\/wp-json\/wp\/v2\/pages\/4839\/revisions"}],"predecessor-version":[{"id":7423,"href":"https:\/\/caqc.org.ar\/congreso\/wp-json\/wp\/v2\/pages\/4839\/revisions\/7423"}],"wp:attachment":[{"href":"https:\/\/caqc.org.ar\/congreso\/wp-json\/wp\/v2\/media?parent=4839"}],"curies":[{"name":"wp","href":"https:\/\/api.w.org\/{rel}","templated":true}]}}